1*h**2 - 12*h - 23. What is w(-8)?
9
Let x(b) = -186*b - 3352. Give x(-18).
-4
Let q(y) = -y**3 + 34*y**2 + 12*y - 426. Give q(34).
-18
Let w(s) = -3*s**2 - 214*s - 428. Determine w(-2).
-12
Let f(p) = -172*p + 541. Give f(4).
-147
Let s(r) = r**2 + 15*r - 254. What is s(-25)?
-4
Let r(b) = b**3 + 138*b**2 + b + 210. Calculate r(-138).
72
Let l(j) = -j**3 - 14*j**2 - 34*j - 140. Determine l(-12).
-20
Let u(v) = 51*v + 171. Determine u(0).
171
Let r(g) = -g**2 + 5*g + 179. Calculate r(33).
-745
Let j(k) = 55*k - 251. What is j(0)?
-251
Let p(j) = -2*j**3 - 39*j**2 + 30*j + 201. Determine p(-20).
1
Let u(q) = -q**3 - 15*q**2 - 26*q - 73. Calculate u(-10).
-313
Let m(n) = -n**2 - 53*n - 423. Give m(-10).
7
Let b(g) = -g**2 + 1313*g - 57050. Give b(45).
10
Let s(q) = 159*q - 767. Calculate s(5).
28
Let r(q) = -1957*q - 9696. Determine r(-5).
89
Let g(o) = -3*o**3 - 44*o**2 + 10*o - 858. What is g(-16)?
6
Let f(g) = -g**2 + 74*g - 462. Calculate f(7).
7
Let o(c) = 4*c**2 - 92*c + 14. What is o(22)?
-74
Let n(o) = o**3 + 22*o**2 + 35*o - 97. What is n(-20)?
3
Let j(k) = k**3 - 20*k**2 + 93*k - 34. Give j(13).
-8
Let z(b) = -11*b**2 - 189*b - 672. What is z(-5)?
-2
Let f(r) = 4*r**2 - 99*r - 198. What is f(27)?
45
Let i(b) = 2*b**2 - 22*b + 6. Give i(11).
6
Let v(u) = -u**3 - 39*u**2 + 10*u + 374. Determine v(-39).
-16
Let c(w) = -2*w**3 + 22*w**2 - 23*w + 124. Give c(11).
-129
Let r(y) = -138*y. What is r(0)?
0
Let d(o) = o**3 + 67*o**2 - 442*o + 20. Give d(6).
-4
Let i(u) = 1321*u - 2. What is i(0)?
-2
Let c(g) = -559*g + 7260. Calculate c(13).
-7
Let q(c) = 11*c**2 - 123*c - 31. Determine q(10).
-161
Let p(l) = -l**2 + 234*l + 708. Calculate p(-3).
-3
Let n(p) = p**3 - 8*p**2 - 5*p - 45. Give n(9).
-9
Let w(k) = -218*k + 16134. Determine w(74).
2
Let x(w) = -2826*w + 22616. Give x(8).
8
Let n(w) = w**2 + 56*w + 486. What is n(-44)?
-42
Let l(h) = 2*h**3 - 39*h**2 - 79*h + 8. Calculate l(-2).
-6
Let n(t) = t**3 - 18*t**2 - 25*t + 137. Give n(19).
23
Let y(t) = 37*t - 221. Determine y(8).
75
Let v(k) = -1198*k + 89846. Determine v(75).
-4
Let i(u) = u**3 - 30*u**2 + u + 9. Give i(30).
39
Let b(w) = w**3 - 17*w**2 - 28*w + 21. Give b(19).
211
Let g(k) = k**3 - 9*k**2 + 61*k - 430. Determine g(8).
-6
Let g(p) = 11*p**2 - 723*p + 724. What is g(1)?
12
Let j(v) = v**2 - 2*v + 37. What is j(-5)?
72
Let l(r) = -r**3 + 11*r**2 + 59*r + 10. Give l(15).
-5
Let v(j) = 18*j**2 + 93*j + 183. Calculate v(-2).
69
Let k(o) = 3*o**3 + 34*o**2 + 2*o + 4. Calculate k(-11).
103
Let o(m) = 59*m - 1007. What is o(17)?
-4
Let d(m) = -58*m - 556. What is d(-10)?
24
Let o(a) = 23*a + 1435. Calculate o(-62).
9
Let q(v) = 48*v + 3698. What is q(-77)?
2
Let o(c) = -c**2 - 47*c - 280. Give o(-40).
0
Let u(a) = 16188*a + 32381. Calculate u(-2).
5
Let x(y) = -y**2 - 9*y + 224. Determine x(-20).
4
Let c(i) = 5*i**2 + 124*i - 167. Give c(-26).
-11
Let k(z) = 27*z. Calculate k(2).
54
Let c(h) = 18*h**3 - 5*h**2 + 7*h - 4. What is c(2)?
134
Let g(l) = 599*l - 4795. Determine g(8).
-3
Let w(c) = 49*c + 86. What is w(13)?
723
Let u(g) = -165*g - 2193. What is u(-13)?
-48
Let t(z) = -12*z**2 + 94*z - 17. Determine t(7).
53
Let n(v) = 395*v - 1979. Determine n(5).
-4
Let y(l) = -539*l + 74919. What is y(139)?
-2
Let k(r) = 1456*r + 20383. Determine k(-14).
-1
Let f(p) = -81*p + 38. Determine f(4).
-286
Let y(m) = 86*m + 912. Determine y(-11).
-34
Let t(k) = -103*k - 5. What is t(-1)?
98
Let z(x) = -x**2 + 3*x + 674. What is z(0)?
674
Let m(s) = 1086*s + 4314. Determine m(-4).
-30
Let b(v) = -555*v - 1098. Calculate b(-2).
12
Let j(c) = c**3 - 74*c**2 + 9*c - 151. Calculate j(74).
515
Let j(t) = -16*t**2 + 113*t - 112. Give j(1).
-15
Let g(b) = 16*b**2 + 43*b - 291. Determine g(-6).
27
Let n(k) = -242*k**3 - 4*k**2 - 3*k + 1. Calculate n(-1).
242
Let r(b) = 52*b - 997. Give r(18).
-61
Let f(g) = -3*g**2 + 154*g - 1310. What is f(11)?
21
Let t(n) = -98*n - 2. Calculate t(1).
-100
Let b(c) = c**3 - 31*c**2 + 150*c - 37. Calculate b(25).
-37
Let k(o) = 8*o - 62. Give k(8).
2
Let c(k) = 496*k - 1688. Determine c(3).
-200
Let w(k) = k**2 - 29*k + 255. Determine w(18).
57
Let k(g) = -2*g**3 - 16*g**2 + 13*g - 2. Calculate k(-9).
43
Let n(y) = -9*y**2 + 3*y + 27. Give n(-3).
-63
Let z(x) = x**3 - 6*x**2 + 9*x - 2. What is z(4)?
2
Let c(d) = d**3 - 44*d**2 + 118*d + 165. Determine c(41).
-40
Let p(f) = -20*f**2 + 108*f - 435. Determine p(4).
-323
Let v(h) = h**2 + 84*h + 613. Calculate v(-79).
218
Let s(l) = l**2 + 78*l - 1511. What is s(16)?
-7
Let i(b) = -2*b**3 - 28*b**2 - 10*b - 46. Determine i(-14).
94
Let h(t) = -t**2 + 6*t + 86. Calculate h(-10).
-74
Let k(n) = 2*n**2 - 11*n + 7. Determine k(11).
128
Let h(r) = r**3 - 16*r**2 + 6*r + 148. Give h(15).
13
Let g(b) = 3*b**3 - 109*b**2 + 35*b + 62. Give g(36).
26
Let j(b) = -49*b + 433. Calculate j(10).
-57
Let j(d) = -9*d**2 - 509*d + 7726. What is j(-69)?
-2
Let z(y) = -68*y - 387. Calculate z(-6).
21
Let k(z) = -z**2 + z + 47. Determine k(12).
-85
Let f(l) = 95*l + 824. Give f(-3).
539
Let k(r) = 69*r + 1309. What is k(-19)?
-2
Let p(m) = -6*m**2 + 3*m + 4. Calculate p(3).
-41
Let j(a) = -52*a + 1034. Give j(21).
-58
Let y(i) = 2*i**3 + 18*i + 33. Determine y(-3).
-75
Let p(f) = f**3 + 7*f**2 - 61*f - 383. What is p(-9)?
4
Let h(v) = 708*v + 6353. Determine h(-9).
-19
Let r(x) = 1352*x + 332597. Give r(-246).
5
Let o(s) = -11*s**2 + 56*s - 53. Determine o(3).
16
Let k(l) = -2*l**3 - 166. Determine k(0).
-166
Let i(h) = 37*h**2 + 7*h + 16. What is i(-3)?
328
Let m(h) = -38*h + 2429. Determine m(72).
-307
Let i(s) = -214*s - 100. Calculate i(-4).
756
Let a(p) = -p**3 + 16*p**2 + 11*p - 365. Determine a(15).
25
Let s(h) = -121*h + 2414. Determine s(20).
-6
Let o(w) = 27*w**2 - 699*w - 109. Calculate o(26).
-31
Let d(m) = -11*m + 121. What is d(15)?
-44
Let d(j) = j**3 + 13*j**2 + 2*j - 7. Give d(-1).
3
Let p(h) = -h**3 + 4*h**2 - 9*h - 5. What is p(5)?
-75
Let l(f) = -1108*f + 14401. Give l(13).
-3
Let n(g) = -467*g - 10749. What is n(-23)?
-8
Let q(r) = 46*r + 1961. Give q(-42).
29
Let l(h) = -5*h**3 + 391*h**2 - 459*h - 176. Calculate l(77).
55
Let u(w) = -2*w**2 + 32*w + 400. Give u(23).
78
Let x(j) = 2*j**3 + 43*j**2 + 16*j - 876. Calculate x(-20).
4
Let p(w) = 8698*w - 69577. Calculate p(8).
7
Let v(g) = -1328*g + 6611. Calculate v(5).
-29
Let j(b) = 1037*b + 17632. Calculate j(-17).
3
Let m(o) = -2*o**2 - 18*o + 5. What is m(-13)?
-99
Let i(p) = p**3 - 18*p**2 + 4*p - 33. Calculate i(18).
39
Let d(x) = -x**3 - 19*x**2 - 86*x - 87. Give d(-6).
-39
Let q(u) = -17*u + 1. Calculate q(1).
-16
Let m(t) = t**2 + 7*t - 3. Determine m(0).
-3
Let x(q) = -2*q**3 - 4*q**2 - 3*q - 4. What is x(-3)?
23
Let z(k) = k**3 - 13*k**2 + 38*k + 16. Determine z(6).
-8
Let u(i) = i**3 + 20*i**2 - 67*i + 18. Determine u(-23).
-28
Let b(h) = 131*h**2 + 5*h - 6. Give b(1).
130
Let u(m) = 20*m**2 - 8*m + 6. Calculate u(1).
18
Let c(w) = w**2 + 20*w + 59. Give c(-3).
8
Let n(k) = 3*k**3 - 13*k**2 + 33*k + 5. Determine n(4).
121
Let v(i) = 5*i + 35. Determine v(-12).
-25
Let k(n) = 212*n - 172. Give k(1).
40
Let y(s) = 9*s**2 + 125*s - 955. Give y(7).
361
Let f(s) = -s**2 + 23*s + 77. What is f(-11)?
-297
Let c(h) = -21*h + 1940. Give c(89).
71
Let h(f) = -4*f**2 + 83*f + 10. Calculate h(21).
-11
Let r(a) = a**3 - 16*a**2 + 11*a - 10. Determine r(15).
-70
Let f(p) = 2*p**2 - 82*p - 594. What is f(47)?
-30
Let s(g) = -86*g - 9777. Determine s(-113).
-59
Let k(t) = -t**3 + 53*t**2 - 110*t + 456. Determine k(51).
48
Let t(j) = j**2 - 72*j + 1296. Calculate t(37).
1
Let m(z) = -21*z - 798. What is m(-27)?
-231
Let t(q) = 4*q + 83. Determine t(7).
111
Let y(o) = o**3 - 213*o**2 + 242*o - 6366. What is y(212)?
-6
Let m(z) = -z**3 + 12*z**2 + 10*z - 290. Calculate m(7).
25
Let f(o) = -o**3 + 30*o**2 + 46*o - 473. Give f(31).
-8
Let v(f) = 22*f**2 - 3*f - 2. What is v(2)?
80
Let u(t) = 3*t**3 + 2*t**2 + 17*t + 6. What is u(-5)?
-404
Let z(m) = 22*m + 118. What is z(-3)?
52
Let a(t) = t**2 + 3*t + 105. Determine a(0).
105
Let d(y) = y**3 - 16*y**2 - 25*y + 118. Give d(17).
-18
Let r(z) = -z**3 - 3*z**2 + 58*z + 2. Give r(-9).
-34
Let j(n) = n**3 - 27*n**2 + 71*n + 852. What is j(22)?
-6
Let w(h) = h**3 - 39*h**2 + 76*h - 95. What is w(37)?
-21
Let i(p) = -5*p**2 + 45*p 